1 a composite number?
True
Is 1310445951 prime?
False
Is 4482945473 prime?
True
Is 2667818498 a prime number?
False
Is 1950525457 prime?
True
Is 21824382521 composite?
False
Is 37808809471 a prime number?
True
Is 674601817 composite?
False
Is 30502262227 a composite number?
False
Is 15878211731 a composite number?
False
Is 36717351663 composite?
True
Is 27147112891 composite?
True
Is 111993313607 a prime number?
False
Is 12117792751 composite?
False
Is 629866519 a prime number?
True
Is 1032029893 prime?
True
Is 3154436113 a composite number?
True
Is 11727363071 a prime number?
True
Is 526646837 prime?
True
Is 3523182811 a prime number?
True
Is 35042353729 composite?
False
Is 727331753 a prime number?
True
Is 130130544809 a prime number?
True
Is 603629567 prime?
False
Is 490189507 composite?
False
Is 8093989283 composite?
False
Is 108624689 composite?
True
Is 16808919 composite?
True
Is 214102291 a prime number?
False
Is 23573754065 a prime number?
False
Is 3540653503 a composite number?
False
Is 74683757 prime?
True
Is 1920298847 a prime number?
True
Is 93967187737 a composite number?
True
Is 164111576593 a composite number?
False
Is 23405931609 composite?
True
Is 960316099 composite?
True
Is 65630429 composite?
False
Is 6474625009 a prime number?
True
Is 10388686279 composite?
False
Is 113339022231 a prime number?
False
Is 17095197193 a prime number?
True
Is 120712367 composite?
False
Is 20666042 prime?
False
Is 2789526407 a composite number?
True
Is 676075103 composite?
True
Is 230452753 a composite number?
True
Is 832569839 composite?
False
Is 22853027863 a composite number?
True
Is 1451789791 a prime number?
False
Is 5327267089 prime?
False
Is 3159768713 composite?
True
Is 837656879 composite?
False
Is 584567579 prime?
True
Is 2766115843 composite?
False
Is 24029071399 a prime number?
True
Is 19463354914 composite?
True
Is 7826854801 a composite number?
False
Is 20587900669 a composite number?
True
Is 99871714373 a composite number?
True
Is 43272456209 a prime number?
True
Is 430579749 a composite number?
True
Is 4344691397 a composite number?
False
Is 18956140517 composite?
False
Is 594836381 prime?
True
Is 6444425027 a composite number?
True
Is 33659965387 prime?
False
Is 24612495461 a composite number?
False
Is 41351856521 a composite number?
False
Is 12371480081 a composite number?
False
Is 9975679867 composite?
False
Is 541599661 prime?
False
Is 47644553 a composite number?
True
Is 49195577 a prime number?
True
Is 68595965797 composite?
False
Is 7794415397 a composite number?
True
Is 1387004899 a composite number?
True
Is 601416807 a prime number?
False
Is 52311745 prime?
False
Is 1395267217 prime?
True
Is 24516277109 a prime number?
True
Is 20176838329 prime?
True
Is 3587444191 composite?
True
Is 6028609397 a composite number?
False
Is 17452579519 a composite number?
True
Is 987915547 a composite number?
False
Is 322815401 prime?
True
Is 1135198397 a prime number?
True
Is 39136507 composite?
False
Is 9929496581 a prime number?
True
Is 408284339 composite?
True
Is 75725504629 composite?
False
Is 96991613249 a prime number?
False
Is 5578529357 prime?
True
Is 20248875557 prime?
False
Is 664629991 composite?
False
Is 1339739113 prime?
True
Is 643951403 a composite number?
True
Is 39699680309 prime?
True
Is 12173296813 composite?
True
Is 2779288807 a prime number?
True
Is 109536814547 composite?
False
Is 666821531 composite?
False
Is 2165588671 prime?
True
Is 1781043859 composite?
True
Is 36617415433 composite?
False
Is 108854939 composite?
False
Is 4905668473 composite?
False
Is 12262866481 prime?
True
Is 877661009 composite?
True
Is 614726173 a composite number?
False
Is 360891654251 a prime number?
True
Is 2264997169 composite?
False
Is 6738654863 a prime number?
True
Is 2579171801 a prime number?
True
Is 36113086601 a prime number?
True
Is 196677181 a prime number?
True
Is 35087112077 prime?
True
Is 34321781 a prime number?
False
Is 289094777 a composite number?
False
Is 93495189707 a prime number?
True
Is 8333366359 a composite number?
False
Is 6230654899 prime?
False
Is 1773487561 a composite number?
False
Is 219077939 prime?
True
Is 10399026205 composite?
True
Is 699136147 composite?
True
Is 3155472083 prime?
True
Is 2180729833 prime?
False
Is 1133006999 a composite number?
False
Is 20166011759 a composite number?
False
Is 3619577699 composite?
False
Is 8879890829 composite?
True
Is 1703025617 a composite number?
False
Is 4721153119 a prime number?
True
Is 26652961837 composite?
False
Is 1705712159 a prime number?
False
Is 54589092707 a composite number?
False
Is 6122513729 composite?
False
Is 797673887 a prime number?
True
Is 22098551329 a composite number?
False
Is 10052196931 a composite number?
True
Is 525868379 composite?
True
Is 18389026039 a composite number?
False
Is 184938263 composite?
True
Is 585745267 prime?
False
Is 18275007473 composite?
False
Is 1856017 a prime number?
True
Is 84074821081 a composite number?
False
Is 783700609343 composite?
False
Is 523157851 prime?
True
Is 227464503881 composite?
True
Is 6017720521 composite?
False
Is 34286273 prime?
False
Is 2455849129 composite?
True
Is 542427247 a prime number?
True
Is 3077030893 composite?
True
Is 930580597 a prime number?
True
Is 29700573739 prime?
False
Is 7239454997 prime?
False
Is 5397515411 a composite number?
True
Is 88552573309 prime?
False
Is 8538515743 composite?
False
Is 122932113 composite?
True
Is 202504859 a composite number?
False
Is 18001083799 a prime number?
False
Is 1616920009 composite?
True
Is 98330273071 composite?
False
Is 10906223 a composite number?
False
Is 1168081783 composite?
True
Is 2556863599 prime?
False
Is 51718257623 a prime number?
True
Is 7857526121 a composite number?
False
Is 13387096367 a composite number?
False
Is 326446969 a prime number?
False
Is 43244477 a prime number?
False
Is 6126574177 prime?
True
Is 414471934831 a composite number?
True
Is 5886403058 a prime number?
False
Is 8806358213 composite?
False
Is 1308171409 a composite number?
False
Is 59147200001 a prime number?
False
Is 2280464777 a composite number?
False
Is 1013631661 prime?
False
Is 3030749797 composite?
False
Is 7051745171 composite?
False
Is 5335293097 a prime number?
True
Is 14946135707 prime?
True
Is 24580657567 prime?
True
Is 91055813 prime?
True
Is 35612168911 a composite number?
True
Is 1593934715 composite?
True
Is 341079983 a composite number?
False
Is 10882998857 composite?
False
Is 304855097 composite?
False
Is 14694317699 a prime number?
False
Is 2862815833 a prime number?
True
Is 877559801 a prime number?
False
Is 141171005143 a composite number?
True
Is 6559993927 a prime number?
True
Is 2009622169 a prime number?
True
Is 1321744877 composite?
False
Is 930157691 composite?
False
Is 552961621 a prime number?
True
Is 634132321 composite?
False
Is 13068000311 composite?
False
Is 7405965257 composite?
False
Is 8809831133 a composite number?
False
Is 343183219 a composite number?
True
Is 1770331847 composite?
True
Is 6860628251 composite?
False
Is 69270391613 composite?
True
Is 11313848591 a composite number?
False
Is 4881083411 composite?
True
Is 244990417933 a composite number?
True
Is 4866735329 composite?
False
Is 3158719889 a composite number?
True
Is 6378525121 a composite number?
True
Is 19943859073 prime?
False
Is 6610714429 prime?
False
Is 20665069597 composite?
True
Is 4949062061 prime?
False
Is 30088051687 composite?
False
Is 37666064851 composite?
False
Is 992404111 composite?
False
Is 1886956867 composite?
False
Is 389331283 prime?
False
Is 5366581643 a composite number?
False
Is 273499363 a composite number?
False
Is 464736011 prime?
True
Is 5240722657 a composite number?
True
Is 20182157 a composite number?
True
Is 3197482919 a composite number?
True
Is 3426777803 prime?
False
Is 28484015767 a composite number?
False
Is 3559251383 a prime number?
False
Is 9067999153 a prime number?
True
Is 11460542141 composite?
False
Is 6601945481 a composite number?
False
Is 68291681717 prime?
False
Is 387831877 prime?
False
Is 28389195641 a prime number?
True
Is 703029259 a prime number?
False
Is 65350469923 prime?
False
Is 1013841089 composite?
True
Is 99919249 a prime number?
True
Is 892742523 a prime number?
False
Is 2282022131 prime?